base 8, what is -6653004 - 313?
-6653317
In base 16, what is -7 - -4454f?
44548
In base 8, what is 11470 + 12621?
24311
In base 14, what is -123 - 77cc?
-7911
In base 2, what is 10011 - -1111000101101100001101110?
1111000101101100010000001
In base 5, what is -131342212 + 3?
-131342204
In base 12, what is a - 18b170a?
-18b1700
In base 13, what is -b - -2a930?
2a922
In base 16, what is 68a78f9 + -1?
68a78f8
In base 7, what is 20354 - -2163?
22550
In base 4, what is -23032 - -2302033?
2213001
In base 11, what is 3 + -82106a72?
-82106a6a
In base 4, what is -10 + 1311131200212?
1311131200202
In base 15, what is 139 + 1bb?
305
In base 8, what is -3411 - -146?
-3243
In base 3, what is 2001120101110021 + -110?
2001120101102211
In base 9, what is -186 + -510560?
-510756
In base 12, what is -30abbb - 5?
-30b004
In base 16, what is -2c73398 - -12?
-2c73386
In base 14, what is 25 + -2206035?
-2206010
In base 12, what is -5a309 + -13?
-5a320
In base 15, what is ee383 + 7?
ee38a
In base 2, what is 10 - -10110111111000010011?
10110111111000010101
In base 7, what is 210100 - -6126?
216226
In base 10, what is -231570996 + 4?
-231570992
In base 7, what is 2516060261 - -3?
2516060264
In base 10, what is 8766 - -28153?
36919
In base 15, what is 1e8c - 15e34?
-13e97
In base 7, what is -5641012 - 224?
-5641236
In base 16, what is -499 + efb?
a62
In base 3, what is -12 - -11102100220101?
11102100220012
In base 9, what is 586868 + 427?
587406
In base 13, what is -4 + c15111?
c1510a
In base 12, what is -5 - -8668177?
8668172
In base 8, what is 14221150117 + 0?
14221150117
In base 9, what is -2 - -18130777?
18130775
In base 4, what is 10 + -1201221121332?
-1201221121322
In base 10, what is 1 + 1472256?
1472257
In base 5, what is -3013104 - 21134?
-3034243
In base 16, what is -8697 + -2c54?
-b2eb
In base 7, what is 4011 + -14262?
-10251
In base 11, what is -5a9860a1 + 4?
-5a986098
In base 15, what is 4 + -18003204?
-18003200
In base 7, what is 4636566 + -5244?
4631322
In base 15, what is -1bc83 + 7?
-1bc7b
In base 15, what is 20a6ce + 5?
20a6d4
In base 14, what is -2d42 + 124?
-2c1c
In base 11, what is 1742a + 144?
17573
In base 8, what is 2762 + 16576?
21560
In base 5, what is 12 + 34102311022?
34102311034
In base 12, what is -a173 + 9529?
-846
In base 11, what is -1a69302 + 0?
-1a69302
In base 15, what is -3 + 37a4b9?
37a4b6
In base 16, what is 78 - -1888b?
18903
In base 13, what is 26502 - -b4?
265b6
In base 16, what is 1 - 2cd42a?
-2cd429
In base 13, what is 8ccc4 + -cb?
8cbc6
In base 8, what is -4 - -306672261?
306672255
In base 6, what is -111041 + -100303?
-211344
In base 5, what is 0 - -441344220032?
441344220032
In base 7, what is -116642222 - 23?
-116642245
In base 9, what is -18 - 5854516?
-5854535
In base 10, what is -18724 + 593?
-18131
In base 8, what is 1622541344 - 3?
1622541341
In base 14, what is 172 + 5c65?
5dd7
In base 13, what is -25 + 8753c?
87517
In base 2, what is -111011000101 - 101110100110?
-1101001101011
In base 2, what is -1111110 + 1100000011111101?
1100000001111111
In base 8, what is 1754 + 146112?
150066
In base 8, what is 20572 - 102264?
-61472
In base 11, what is -26137 - 387?
-26513
In base 14, what is 295ca5 + 1c4?
296089
In base 9, what is 6280030 + 21?
6280051
In base 6, what is 240531 + 11342?
252313
In base 3, what is -21221220112 - -2220?
-21221210122
In base 4, what is -30133201 + -20012?
-30213213
In base 12, what is -586a0b7 + -1?
-586a0b8
In base 11, what is 44 + -20107a2?
-2010759
In base 16, what is 1f77 - -549?
24c0
In base 5, what is -23 - -12244200?
12244122
In base 6, what is 443 + -252014?
-251131
In base 7, what is -2055 - -4045625?
4043540
In base 15, what is 22 + -1252673?
-1252651
In base 3, what is -112111121111021 - 1?
-112111121111022
In base 11, what is 263a233 + -2?
263a231
In base 15, what is 3 + -1b6b58d?
-1b6b58a
In base 15, what is -12ea5 + 1261?
-11c44
In base 3, what is -1221220110010 - -112?
-1221220102121
In base 13, what is 20b52 - -a8?
20c2a
In base 4, what is 330 + -1230131?
-1223201
In base 6, what is 20 - 4332221?
-4332201
In base 10, what is 4177497 - -14?
4177511
In base 5, what is 342 + -1431224340?
-1431223443
In base 11, what is 20309 - -700?
20a09
In base 14, what is 9a9 + -324?
685
In base 10, what is 2 + 73976317?
73976319
In base 16, what is -5 - 212e9dc?
-212e9e1
In base 12, what is -4 + -23263b8?
-2326400
In base 10, what is 0 + 219400?
219400
In base 5, what is -41 - 32231241?
-32231332
In base 7, what is -550 + 121234?
120354
In base 5, what is -3443113231 + -1?
-3443113232
In base 7, what is -16340 - -12432?
-3605
In base 8, what is -16126 - -2046?
-14060
In base 15, what is -1d8 - 46ba?
-48a3
In base 12, what is -5 - a717ab?
-a717b4
In base 3, what is -2100100222210 + 21?
-2100100222112
In base 13, what is 4 - -115aab0b?
115aab12
In base 6, what is -23133444 + -234?
-23134122
In base 16, what is bf94 - 1c7?
bdcd
In base 10, what is -878 - -27562?
26684
In base 2, what is 10111 + 101100000110110?
101100001001101
In base 9, what is 1511084 + 8?
1511103
In base 8, what is -56672 - 161?
-57053
In base 11, what is 3 + 25240026?
25240029
In base 13, what is 23 + 3b028?
3b04b
In base 5, what is 31410 + -103232021?
-103200111
In base 16, what is -18f65d47 - 4?
-18f65d4b
In base 7, what is -440 - 200134?
-200604
In base 4, what is 20113302 - 0?
20113302
In base 15, what is 245053 - 5?
24504d
In base 6, what is 0 + -1154115115?
-1154115115
In base 8, what is -1432 - -173074?
171442
In base 16, what is 245aa - -69?
24613
In base 10, what is -4212357 + -5?
-4212362
In base 7, what is -1222 + -1150532?
-1152054
In base 10, what is -212116 - -1781?
-210335
In base 10, what is 1 + -30420112?
-30420111
In base 13, what is 788 - 1809?
-1051
In base 3, what is -1001 + 101102021012122?
101102021011121
In base 8, what is 21312741 + -5?
21312734
In base 14, what is -6d466 - 40?
-6d4a6
In base 4, what is 22202211233 - -10?
22202211303
In base 15, what is 1e8c1 - -1924?
212e5
In base 15, what is -22a6002 - -20?
-22a5ed2
In base 16, what is 3 + 260d9e?
260da1
In base 9, what is 2 - -151115364?
151115366
In base 16, what is -218eb - -105?
-217e6
In base 11, what is -4183297 + 39?
-4183259
In base 10, what is -1027174 - -3?
-1027171
In base 8, what is -172606 + 426?
-172160
In base 4, what is -12000232 + 202111?
-11132121
In base 4, what is -1 + 20210302303011?
20210302303010
In base 5, what is 4 - -113034323324?
113034323333
In base 5, what is -2 + 1413440344124?
1413440344122
In base 13, what is 7 + -63984?
-6397a
In base 5, what is -21 + -234414132?
-234414203
In base 13, what is -22ba + -43?
-2330
In base 9, what is 4 - 8880073?
-8880068
In base 3, what is -221102121012 - -121?
-221102120121
In base 12, what is 514 + 5ba49?
60361
In base 15, what is 3967 + -358b?
3cb
In base 6, what is -144 - 1231122?
-1231310
In base 10, what is -8474 - -3956?
-4518
In base 14, what is 2 - -263aaba2?
263aaba4
In base 6, what is 3540125 - 35?
3540050
In base 13, what is 32c179 - -16?
32c192
In base 8, what is -24433216 - -1?
-24433215
In base 7, what is 15665 - 6425?
6240
In base 14, what is -63 + 18500?
1847b
In base 15, what is -3cba + -e7a5?
-13570
In base 8, what is 4 + -23023015?
-23023011
In base 5, what is 234012442 - 1?
234012441
In base 10, what is -97 - -9710?
9613
In base 11, what is -77161 - 17?
-77178
In base 5, what is -13 + 4102020313?
4102020300
In base 5, what is -123032 - -214431?
41344
In base 13, what is -5 - -a84c096?
a84c091
In base 10, what is -368 - -163072?
162704
In base 12, what is 1162 + -120a8?
-10b46
In base 7, what is -214 + -14262144?
-14262361
In base 15, what is 128c039 - 2?
128c037
In base 7, what is -2 - -6033141?
6033136
In base 12, what is 4 - -2983a79?
2983a81
In base 16, what is -2 - 8738fa?
-8738fc
In base 10, what is -30 + -138562?
-138592
In base 8, what is -16573 + -355?
-17150
In base 5, what is -223010 - 130314?
-403324
In base 10, what is 999791 - 323?
999468
In base 4, what is -321200121 - -130?
-321133331
In base 12, what is 21 - -4554?
4575
In base 11, what is -19a4a84 + 15?
-19a4a6a
In base 13, what is -8791 - 2cc?
-8a90
In base 7, what is 106132 + -151?
105651
In base 5, what is -3022430 - 202334?
-3230314
In base 7, what is 1056 - -241524?
242613
In base 8, what i